 factor of 11974?
False
Does 9 divide 1971?
True
Is 316 a multiple of 17?
False
Is 1430 a multiple of 55?
True
Is 66571 a multiple of 339?
False
Is 59 a factor of 91316?
False
Does 27 divide 5400?
True
Does 29 divide 899?
True
Does 10 divide 140?
True
Is 318 a multiple of 7?
False
Is 368 a multiple of 28?
False
Does 142 divide 74692?
True
Does 22 divide 2110?
False
Is 66 a factor of 4090?
False
Is 7332 a multiple of 94?
True
Is 3536 a multiple of 52?
True
Is 12 a factor of 108?
True
Is 106392 a multiple of 62?
True
Is 1668 a multiple of 17?
False
Does 25 divide 14550?
True
Is 720 a multiple of 48?
True
Does 12 divide 89584?
False
Is 840 a multiple of 12?
True
Is 8 a factor of 56?
True
Is 113459 a multiple of 424?
False
Is 4522 a multiple of 17?
True
Is 83602 a multiple of 20?
False
Is 2625 a multiple of 25?
True
Is 19 a factor of 779?
True
Is 2 a factor of 173?
False
Is 68120 a multiple of 104?
True
Does 48 divide 1251?
False
Does 91 divide 6006?
True
Does 38 divide 15121?
False
Is 22 a factor of 32560?
True
Is 81 a multiple of 5?
False
Does 2 divide 1485?
False
Is 753 a multiple of 2?
False
Is 1297 a multiple of 13?
False
Is 780 a multiple of 15?
True
Is 2089 a multiple of 7?
False
Is 2095 a multiple of 4?
False
Is 2424 a multiple of 12?
True
Is 5 a factor of 43440?
True
Is 16240 a multiple of 116?
True
Does 15 divide 3729?
False
Is 53958 a multiple of 350?
False
Is 32 a factor of 59?
False
Is 12 a factor of 588?
True
Is 29 a factor of 759?
False
Is 15 a factor of 11665?
False
Does 28 divide 7140?
True
Is 54 a factor of 17604?
True
Is 420 a multiple of 60?
True
Does 13 divide 4014?
False
Is 75 a multiple of 15?
True
Is 700 a multiple of 10?
True
Does 175 divide 25025?
True
Does 2 divide 3240?
True
Does 3 divide 142?
False
Is 50 a factor of 17600?
True
Is 99 a factor of 6237?
True
Is 182 a multiple of 7?
True
Does 19 divide 544?
False
Does 98 divide 8541?
False
Is 35 a factor of 210?
True
Does 59 divide 32865?
False
Is 3 a factor of 1761?
True
Is 3060 a multiple of 15?
True
Does 27 divide 3352?
False
Is 43 a factor of 1441?
False
Is 108 a multiple of 2?
True
Is 6 a factor of 112?
False
Does 13 divide 377?
True
Is 12 a factor of 228?
True
Is 2982 a multiple of 9?
False
Is 92512 a multiple of 14?
True
Is 6974 a multiple of 6?
False
Does 12 divide 576?
True
Is 29 a factor of 1624?
True
Is 7 a factor of 30660?
True
Is 28 a factor of 1089?
False
Is 74 a factor of 13179?
False
Is 16 a factor of 9335?
False
Is 9 a factor of 933?
False
Is 36774 a multiple of 227?
True
Is 69 a factor of 7939?
False
Is 4 a factor of 288?
True
Is 73 a factor of 1156?
False
Does 7 divide 46200?
True
Does 254 divide 8335?
False
Does 17 divide 884?
True
Does 125 divide 2875?
True
Is 62605 a multiple of 19?
True
Is 29277 a multiple of 65?
False
Is 52 a factor of 22451?
False
Is 107 a factor of 101115?
True
Is 37 a factor of 370?
True
Is 1002 a multiple of 6?
True
Is 34 a factor of 9339?
False
Is 5768 a multiple of 56?
True
Does 39 divide 312?
True
Is 41 a factor of 7913?
True
Does 2 divide 165?
False
Does 72 divide 3989?
False
Does 38 divide 31350?
True
Is 21 a factor of 651?
True
Is 1214 a multiple of 40?
False
Is 80 a multiple of 16?
True
Is 8540 a multiple of 61?
True
Does 15 divide 25095?
True
Does 80 divide 3440?
True
Is 2 a factor of 882?
True
Is 5 a factor of 230?
True
Does 14 divide 14?
True
Is 691 a multiple of 2?
False
Is 3323 a multiple of 62?
False
Is 8 a factor of 1332?
False
Does 3 divide 172?
False
Is 50 a factor of 8200?
True
Does 15 divide 1050?
True
Is 76 a factor of 28576?
True
Is 25 a factor of 3422?
False
Is 28773 a multiple of 23?
True
Does 20 divide 363?
False
Is 4957 a multiple of 27?
False
Does 95 divide 95?
True
Is 39 a factor of 4441?
False
Does 16 divide 4046?
False
Is 88458 a multiple of 69?
True
Is 3770 a multiple of 115?
False
Is 12660 a multiple of 106?
False
Is 39956 a multiple of 14?
True
Does 26 divide 547?
False
Is 6 a factor of 2322?
True
Is 47 a factor of 2418?
False
Is 1642 a multiple of 36?
False
Does 43 divide 55499?
False
Does 114 divide 2856?
False
Is 8424 a multiple of 62?
False
Is 123 a factor of 1185?
False
Does 21 divide 83685?
True
Is 6 a factor of 141?
False
Is 3177 a multiple of 9?
True
Is 52 a factor of 105?
False
Does 65 divide 33865?
True
Does 22 divide 1694?
True
Is 61699 a multiple of 71?
True
Does 40 divide 11143?
False
Is 1316 a multiple of 28?
True
Is 86 a factor of 23917?
False
Does 90 divide 14655?
False
Does 21 divide 328?
False
Is 29176 a multiple of 56?
True
Is 30 a factor of 23851?
False
Does 13 divide 181?
False
Is 9197 a multiple of 7?
False
Is 88 a factor of 1408?
True
Does 27 divide 994?
False
Is 4895 a multiple of 55?
True
Does 36 divide 712?
False
Does 95 divide 7695?
True
Is 23270 a multiple of 13?
True
Is 1475 a multiple of 3?
False
Is 2232 a multiple of 62?
True
Does 26 divide 70514?
False
Is 31 a factor of 7874?
True
Does 16 divide 367?
False
Does 52 divide 22450?
False
Does 11 divide 2222?
True
Does 87 divide 4176?
True
Is 552 a multiple of 11?
False
Is 22 a factor of 1851?
False
Is 24492 a multiple of 11?
False
Is 8 a factor of 1638?
False
Does 14 divide 1330?
True
Is 6900 a multiple of 92?
True
Does 4 divide 176?
True
Is 23 a factor of 934?
False
Is 335 a multiple of 5?
True
Does 7 divide 77?
True
Does 16 divide 320?
True
Is 2268 a multiple of 42?
True
Does 92 divide 5428?
True
Is 35 a factor of 7237?
False
Does 54 divide 1164?
False
Is 61 a factor of 6369?
False
Is 24810 a multiple of 10?
True
Is 38423 a multiple of 11?
True
Is 36 a multiple of 33?
False
Is 38 a factor of 1338?
False
Is 29105 a multiple of 26?
False
Does 132 divide 2722?
False
Is 35 a factor of 665?
True
Is 3234 a multiple of 22?
True
Is 1133 a multiple of 33?
False
Is 130 a multiple of 5?
True
Is 207 a factor of 42021?
True
Does 184 divide 28888?
True
Does 42 divide 42?
True
Does 101 divide 5454?
True
Is 48 a factor of 5136?
True
Is 286 a factor of 36536?
False
Is 1119 a multiple of 27?
False
Does 90 divide 9810?
True
Is 13 a factor of 897?
True
Does 38 divide 7676?
True
Is 22 a factor of 1716?
True
Does 159 divide 49449?
True
Does 8 divide 976?
True
Is 39 a multiple of 15?
False
Does 5 divide 125?
True
Does 59 divide 177?
True
Does 104 divide 1256?
False
Is 10 a factor of 3340?
True
Does 42 divide 731?
False
Is 76 a factor of 2129?
False
Does 5 divide 645?
True
Does 5 divide 16995?
True
Is 22 a factor of 30372?
False
Does 13 divide 5330?
True
Is 16 a factor of 25352?
False
Is 5393 a multiple of 35?
False
Is 2502 a multiple of 15?
False
Does 13 divide 468?
True
Is 2747 a multiple of 67?
True
Does 17 divide 238?
True
Is 72251 a multiple of 23?
False
Is 8232 a multiple of 196?
True
Does 24 divide 58728?
True
Is 18 a factor of 4392?
True
Is 110 a factor of 48881?
False
Is 360 a multiple of 40?
True
Is 1276 a multiple of 29?
True
Is 293 a multiple of 90?
False
Does 7 divide 6429?
False
Does 171 divide 9918?
True
Is 25 a factor of 10075?
True
Is 375 a multiple of 4?
False
Is 3742 a multiple of 6?
False
Is 2113 a multiple of 21?
False
Is 138 a factor of 930?
False
Is 9 a factor of 59445?
True
Does 50 divide 400?
True
Is 3 a factor of 120?
True
Does 162 divide 11716?
False
Does 78 divide 80?
False
Is 1200 a multiple of 30?
True
Is 186 a factor of 20088?
True
Is 13 a factor of 676?
True
Is 1291 a multiple of 44?
False
Is 539 a multiple of 4?
False
Does 32 divide 28033?
False
Is 1472 a multiple of 51?
False
Does 13 divide 2576?
False
Is 1629 even?
False
Is 45960 a multiple of 15?
True
Is 66 a multiple of 22?
True
Does 3 divide 5121?
True
Is 55586 a multiple of 288?
False
Does 25 divide 3955?
False
Is 76 a multiple of 4?
True
Is 47 a factor of 235?
True
Is 7 a factor of 770?
True
Is 605 a multiple of 11?
True
Is 28 a factor of 480?
False
Does 64 divide 2285?
False
Does 21 divide 1558?
False
Is 4798 a multiple of 21?
False
Does 8 divide 5932?
False
Is 5 a factor of 10860?
True
Is 25 a factor of 348?
False
Is 50 a factor of 4200?
True
Does 82 divide 5943?
False
Is 4 a factor of 48?
True
Is 7040 a multiple of 20?
True
Does 49 divide 1715?
True
Is 420 a multiple of 15?
True
Does 13 divide 1009?
False
Is 46191 a multiple of 57?
False
Is 174 a factor of 33234?
True
Is 1638 a multiple of 126?
True
Is 12221 a multiple of 21?
False
Is 142 a fac